31, 47, 61, 877
List the prime factors of 84987519.
3, 139, 203807
What are the prime factors of 4198523509?
137, 30646157
List the prime factors of 866045229.
3, 7, 17, 2425897
List the prime factors of 3218053320.
2, 3, 5, 2979679
What are the prime factors of 302638839?
3, 100879613
What are the prime factors of 38584211?
5279, 7309
What are the prime factors of 922130213?
922130213
List the prime factors of 678699982.
2, 339349991
What are the prime factors of 44809582?
2, 29, 193, 4003
What are the prime factors of 4371181086?
2, 3, 728530181
List the prime factors of 70702403.
131, 539713
What are the prime factors of 203287990?
2, 5, 37, 61, 9007
List the prime factors of 1478584829.
1478584829
What are the prime factors of 71662896?
2, 3, 497659
What are the prime factors of 168142818?
2, 3, 17, 19, 53, 1637
List the prime factors of 355470366.
2, 3, 31, 173, 11047
List the prime factors of 862236424.
2, 7, 15397079
List the prime factors of 2701940548.
2, 23, 3907, 7517
What are the prime factors of 3053602359?
3, 1879, 180569
What are the prime factors of 1609670294?
2, 73, 83, 132833
What are the prime factors of 198952292?
2, 7, 11, 17, 37997
List the prime factors of 294784795.
5, 113, 521743
List the prime factors of 286749075.
3, 5, 37, 103333
What are the prime factors of 332892104?
2, 109, 381757
What are the prime factors of 488625212?
2, 122156303
What are the prime factors of 2982800?
2, 5, 7457
What are the prime factors of 457404034?
2, 337, 678641
List the prime factors of 3568726565.
5, 149, 4790237
List the prime factors of 126451979.
149, 848671
What are the prime factors of 245545328?
2, 7, 151, 14519
What are the prime factors of 79691157?
3, 7, 13, 97303
List the prime factors of 372803073.
3, 1171, 106121
List the prime factors of 49112480.
2, 5, 306953
What are the prime factors of 49331096?
2, 97, 151, 421
List the prime factors of 24807527.
24807527
What are the prime factors of 6933938086?
2, 3466969043
What are the prime factors of 318808031?
3931, 81101
List the prime factors of 42202988.
2, 10550747
What are the prime factors of 32492115?
3, 5, 722047
List the prime factors of 285237730.
2, 5, 17, 139, 12071
What are the prime factors of 430296876?
2, 3, 19, 167, 3767
What are the prime factors of 21250218?
2, 3, 11, 41, 7853
What are the prime factors of 249758519?
9319, 26801
List the prime factors of 1313222607.
3, 113, 1291271
List the prime factors of 190835416.
2, 23, 47, 22067
What are the prime factors of 719989183?
719989183
List the prime factors of 289871788.
2, 967, 74941
List the prime factors of 1404141683.
7, 31, 1181, 5479
What are the prime factors of 85689148?
2, 239, 89633
List the prime factors of 1067980351.
1067980351
List the prime factors of 49888953.
3, 53, 11621
List the prime factors of 28232779.
28232779
List the prime factors of 19161352.
2, 7, 6983
List the prime factors of 46568703.
3, 15522901
What are the prime factors of 7978340?
2, 5, 398917
What are the prime factors of 2484699295?
5, 13, 37, 1033139
What are the prime factors of 229366699?
127, 1063, 1699
What are the prime factors of 777290047?
777290047
What are the prime factors of 13582662?
2, 3, 2263777
What are the prime factors of 271319324?
2, 67829831
What are the prime factors of 4448548291?
11, 9337, 43313
What are the prime factors of 125524393?
19, 463, 751
List the prime factors of 8593332.
2, 3, 11, 65101
What are the prime factors of 380696493?
3, 8287, 15313
List the prime factors of 331624832.
2, 7, 11, 33647
List the prime factors of 847048114.
2, 11, 38502187
List the prime factors of 68024886.
2, 3, 47, 463, 521
List the prime factors of 138668070.
2, 3, 5, 1229, 3761
What are the prime factors of 86472027?
3, 9608003
What are the prime factors of 40396088?
2, 5049511
What are the prime factors of 832650605?
5, 83, 2006387
List the prime factors of 566462289.
3, 337, 560299
What are the prime factors of 93593870?
2, 5, 9359387
What are the prime factors of 3518120478?
2, 3, 1031, 568723
What are the prime factors of 63162235?
5, 1367, 9241
What are the prime factors of 324140540?
2, 5, 29, 558863
What are the prime factors of 1262923595?
5, 109, 113, 20507
What are the prime factors of 347733566?
2, 281, 401, 1543
What are the prime factors of 310276977?
3, 211, 490169
What are the prime factors of 1562445524?
2, 390611381
What are the prime factors of 5612942021?
79, 191, 397, 937
List the prime factors of 334946229.
3, 111648743
List the prime factors of 181453458.
2, 3, 19, 1591697
What are the prime factors of 48728842?
2, 3709, 6569
List the prime factors of 4634338892.
2, 349, 3319727
What are the prime factors of 935198451?
3, 11, 9446449
List the prime factors of 125981779.
7, 11, 113, 14479
List the prime factors of 3459536223.
3, 11, 13, 37, 67, 3253
List the prime factors of 3499484984.
2, 29, 89, 169483
What are the prime factors of 81789339?
3, 27263113
What are the prime factors of 86195137?
7, 12313591
List the prime factors of 256686574.
2, 139, 923333
List the prime factors of 17530018.
2, 11, 796819
What are the prime factors of 7658998976?
2, 113, 757, 1399
What are the prime factors of 297995659?
13, 23, 331, 3011
List the prime factors of 77702749.
41, 1895189
List the prime factors of 406310705.
5, 227, 357983
What are the prime factors of 218188645?
5, 43637729
What are the prime factors of 217091761?
41, 103, 51407
What are the prime factors of 883199748?
2, 3, 47, 859, 1823
What are the prime factors of 59332797?
3, 113, 19447
What are the prime factors of 1137272344?
2, 13, 751, 14561
What are the prime factors of 2356437976?
2, 294554747
What are the prime factors of 150253004?
2, 11, 17, 37, 61, 89
What are the prime factors of 77113312?
2, 2409791
What are the prime factors of 444336994?
2, 6899, 32203
List the prime factors of 408411633.
3, 7, 647, 30059
What are the prime factors of 47315297?
2143, 22079
List the prime factors of 23783620.
2, 5, 7, 3467
List the prime factors of 192905457.
3, 37, 1737887
List the prime factors of 67708060.
2, 5, 7, 483629
List the prime factors of 14707015.
5, 2941403
List the prime factors of 2032134225.
3, 5, 11, 131, 18803
What are the prime factors of 216022194?
2, 3, 41, 97571
List the prime factors of 1351041320.
2, 5, 47, 317, 2267
What are the prime factors of 35166354?
2, 3, 37, 158407
List the prime factors of 3531213261.
3, 353, 1111493
What are the prime factors of 465339702?
2, 3, 77556617
List the prime factors of 125211015.
3, 5, 31, 9973
List the prime factors of 882683.
19, 46457
What are the prime factors of 30330404?
2, 13, 29, 20113
What are the prime factors of 4394199166?
2, 7, 44838767
What are the prime factors of 252528291?
3, 28058699
List the prime factors of 889429642.
2, 23, 167, 115781
What are the prime factors of 276943917?
3, 92314639
List the prime factors of 122975424.
2, 3, 11, 13, 1493
List the prime factors of 209042097.
3, 11, 631, 10039
What are the prime factors of 86991321?
3, 107, 457, 593
What are the prime factors of 984051926?
2, 11, 13, 37, 92993
What are the prime factors of 91453301?
83, 151, 7297
What are the prime factors of 1813455423?
3, 13, 1783, 8693
List the prime factors of 45152287.
59, 765293
What are the prime factors of 202388839?
202388839
List the prime factors of 900172582.
2, 450086291
What are the prime factors of 46114948?
2, 11, 17, 61651
List the prime factors of 1769676543.
3, 7577, 25951
List the prime factors of 361762103.
101, 3581803
What are the prime factors of 216786393?
3, 41, 587497
List the prime factors of 62945670.
2, 3, 5, 19, 110431
List the prime factors of 16690129.
16690129
What are the prime factors of 3918912861?
3, 109, 11984443
What are the prime factors of 67130994?
2, 3, 7, 17, 167, 563
What are the prime factors of 243312140?
2, 5, 12165607
What are the prime factors of 10501730?
2, 5, 157, 6689
List the prime factors of 182975044.
2, 7, 6534823
List the prime factors of 1492539420.
2, 3, 5, 24875657
What are the prime factors of 132978390?
2, 3, 5, 4432613
What are the prime factors of 926565156?
2, 3, 11, 499, 521
What are the prime factors of 270272247?
3, 7, 12870107
List the prime factors of 179343246.
2, 3, 31, 83, 11617
What are the